{"id":3,"date":"2026-03-27T11:59:52","date_gmt":"2026-03-27T10:59:52","guid":{"rendered":"http:\/\/localhost\/igma\/?page_id=3"},"modified":"2026-03-30T12:10:37","modified_gmt":"2026-03-30T10:10:37","slug":"datenschutzerklaerung","status":"publish","type":"page","link":"https:\/\/igma.at\/?page_id=3","title":{"rendered":"Datenschutzerkl\u00e4rung"},"content":{"rendered":"\n<div class=\"content\">\n  \n                 \n           \n                    \n              \n            \n                  <div id=\"c52\" class=\"csc-default\"><div class=\"csc-header csc-header-n1\"><h1 class=\"csc-header-alignment-center csc-firstHeader\"><\/div><p class=\"bodytext\"><br \/>Diese Datenschutzerkl\u00e4rung informiert Sie dar\u00fcber, was mit personenbezogenen Daten (\u201eDaten\u201d) passiert, die wir von Ihnen erheben oder die Sie uns online beim Besuch unserer Websites (\u201eSite\u201c) angeben.<br \/><br \/><br \/><b>Wer sind wir?<\/b><br \/><br \/>Im Sinne der Datenschutzvorschriften ist der f\u00fcr die Datenverarbeitung zust\u00e4ndige Verantwortliche der Verein<br \/> \n<\/p>\n<p class=\"align-center\"><b><br \/>Interessensgemeinschaft der Mediaagenturen (IGMA)<\/b><br \/>Riemergasse 11\/3\/11,<br \/>1010 Wien<br \/>ZVR-Nr 593580802.<br \/><br \/><\/p>\n<p class=\"bodytext\">Dabei handelt es sich um einen auf freiwilliger Mitgliedschaft beruhender Zusammen\u00acschluss \u00f6sterreichischer Werbeunternehmen, insbesondere von Mediaagenturen und&nbsp; Werbeagenturen zum Zweck der F\u00f6rderung ihrer wirtschaftlichen Interessen. Dies betrifft insbesondere die Durchf\u00fchrung bzw. Veranlassung von Marktforschungsstudien \u00fcber das Marktverhalten \u00f6sterreichischer Werbekunden auf allen klassischen Gebieten der Werbung, wie der Werbung in Print- und elektronischen Medien.Verweise auf \u201ewir\u201c, \u201eunser(e)\u201c oder \u201euns\u201c in dieser Datenschutzerkl\u00e4rung beziehen sich auf den Verein Interessensgemeinschaft der Mediaagenturen (IGMA).Einleitung und grunds\u00e4tzliche InformationDiese Datenschutzerkl\u00e4rung legt unsere Richtlinien und Verfahren in Bezug auf personenbezogene Daten dar, die wir verarbeiten. Diese Datenschutzerkl\u00e4rung zeigt auch auf, wie Sie uns bez\u00fcglich irgendwelcher Fragen oder Bedenken erreichen k\u00f6nnen. Welche Informationen erheben wir?Wir erfassen als Verein in erster Linie die Daten unserer Mitglieder, unter denen sich auch personenbezogene Daten befinden k\u00f6nnen, zum Zwecke der Mitglieder\u00acverwaltung. Es handelt sich dabei um die Daten, die uns unsere Mitglieder im Rahmen ihrer Aufnahme mitgeteilt haben bzw. sp\u00e4ter aktualisiert haben. Im Konkreten sind das \u2013 in aller Regel \u2013 folgende Daten (wobei einzelne Punkte nicht auf jeden zutreffen m\u00fcssen):\n<\/p>\n<p class=\"bodytext\">&nbsp;<\/p><ul><li>Name des Mitglieds, Firmenbezeichnung<\/li><li>Vor- und Nachname, Akademischer Grad der uns von unseren Mitgliedern namhaft gemachten Ansprechpersonen<\/li><li>Vor- und Nachname, Akademischer Grad der Organe unserer Mitglieder<\/li><li>Sitz und Adresse (Land, Ort, Stra\u00dfe, Haus- und T\u00fcrnummer)<\/li><li>Emailadresse(n)<\/li><li>Website<\/li><li>Telefonnummer<\/li><li>allenfalls beruflicher T\u00e4tigkeitsbereich und Schwerpunkte des Mitglieds<\/li><\/ul><p class=\"bodytext\"><br \/>Wir weisen darauf hin, dass Angaben wie die Sozialversicherungsnummer, das religi\u00f6se Bekenntnis und\/oder die sexuelle Orientierung besondere Kategorien personenbezogener Daten darstellen und von uns nicht abverlangt und auch nicht verarbeitet werden. F\u00fcr den un\u00acwahrscheinlichen Fall, dass Sie diese Angaben t\u00e4tigen sollten, werden wir diese Daten sobald wird davon Kenntnis erlangen unaufgefordert l\u00f6schen.<br \/><br \/>Im Rahmen der \u00fcblichen B\u00fcrot\u00e4tigkeit speichern wir auch einen allf\u00e4lligen Emailverkehr mit Ihnen. Die Speicherung erfolgt in unserem Emailprogramm (Outlook) und die Emails werden regelm\u00e4\u00dfig &#8211; soweit nicht erforderlich &#8211; archiviert oder gel\u00f6scht. <br \/><br \/>Wenn Sie unsere Website besuchen, erfassen wir au\u00dfer der IP-Adresse des Ger\u00e4tes, von dem aus Sie unsere Website ansurfen, keine personenbezogenen Daten. <br \/><br \/><b>Wie nutzen wir Ihre Daten?<\/b><br \/><br \/>Wir nutzen die Daten unserer Mitglieder ausschlie\u00dflich zum Zwecke der Mitglieder\u00acverwaltung im Sinne der Standardanwendung SA003 der Standard- und Musterver\u00acordnung 2004, sohin zur F\u00fchrung von Mitgliederverzeichnissen, Evidenz der Mitglieds- und F\u00f6rderungsbeitr\u00e4ge, Verkehr mit Mitgliedern\/F\u00f6rderern von K\u00f6rperschaften des \u00f6ffentlichen und privaten Rechts (insbesondere Vereine und Personengemeinschaften) einschlie\u00dflich automationsunterst\u00fctzt erstellter und archivierter Textdokumente (zB Korrespondenzen) in diesen Angelegenheiten.<br \/><br \/>Allenfalls nutzen wir die Daten unserer Mitglieder auch <br \/><br \/><\/p><ul><li>um sie \u00fcber Vereinsbelange zu informieren.<\/li><li>um sie mit einem Newsletter aktuell \u00fcber Medienthemen, Sonderthemen und wichtige Terminen zu informieren, damit sie immer Up-to-date sind.<\/li><li>Um auf Anfragen zu antworten und Auftr\u00e4ge zu erf\u00fcllen. <\/li><li>Um Feedback bez\u00fcglich unserer Leistungen einzuholen. <\/li><li>Um administrative Informationen zu versenden, wie beispielsweise Informationen \u00fcber oder \u00c4nderungen unserer Gesch\u00e4ftsbedingungen und Richtlinien.<\/li><\/ul><p class=\"bodytext\"><br \/><b>Rechtliche Grundlagen<\/b><br \/><br \/>Ihre Daten werden von uns aus einem oder mehreren der folgenden rechtlichen Grundlagen verarbeitet. Nicht jeder davon muss auf Sie pers\u00f6nlich zutreffen.<br \/><br \/><\/p><ul><li>Weil es zur Verwaltung der Mitgliedschaft sohin zur Erf\u00fcllung des Vertrags\u00acverh\u00e4ltnisses oder auch zur Vorbereitung der Abwicklung, also zur Durch\u00acf\u00fchrung vorvertraglicher Ma\u00dfnahmen erforderlich ist.<\/li><li>Aufgrund einer Einwilligung (bitte beachten Sie die jederzeitige Widerrufbarkeit, mehr dazu weiter unten).<\/li><li>Weil es zur Erf\u00fcllung von rechtlichen Verpflichtungen, denen wir unterliegen, erforderlich ist. Das betrifft insbesondere auch die abgabenrechtlichen Auf\u00acbewahrungspflichten.<\/li><li>Weil die Verarbeitung Ihrer Daten zur Wahrung unserer berechtigten Interessen erforderlich ist. Als berechtigtes Interesse gilt auch die Durchf\u00fchrung von Marktkommunikation und Werbung.<\/li><li>Weil es zur Verwirklichung unseres berechtigten Interesses im Zusammenhang mit Verwaltung, dem Betrieb und der Optimierung der Website erforderlich ist.<\/li><li>Weil es zur Verwirklichung unseres berechtigten Interesses im Zusammenhang mit der Qualit\u00e4tskontrolle und Gesch\u00e4ftsplanung erforderlich ist.<\/li><li>Weil wir es zur Durchsetzung unserer rechtlichen Anspr\u00fcche (Inkasso, etc.) ben\u00f6tigen.<\/li><\/ul><p class=\"bodytext\"><br \/><b>Mit wem teilen wir Ihre Informationen?<\/b><br \/><br \/>Um unsere Mitgliederverwaltung effizient abwickeln zu k\u00f6nnen, m\u00fcssen wir zu gegebenem Zeitpunkt die Daten unserer Mitglieder an externe Dienstleister (Auftrags\u00acverarbeiter) weitergeben, welche die Datenverarbeitung nach unseren Vorgaben und Weisungen f\u00fcr uns durchf\u00fchren oder zur Auftragsabwicklung ben\u00f6tigen. Das geschieht&nbsp; in erster Linie im Rahmen der IT-Betreuung, durch unsere Steuerberater und unsere Rechtsanw\u00e4lte.<br \/><br \/><br \/>Abgesehen davon, dass wir die Namen und Kontaktdaten (Adresse, Telefonnummer) unserer Mitglieder (der Unternehmen) auf unserer Website ver\u00f6ffentlichen, geben wir Mitgliederdaten ansonsten grunds\u00e4tzlich <u>nicht an Dritte weiter,<\/u> es sei denn, um eine rechtliche Verpflichtung zu erf\u00fcllen, beispielsweise wenn dies rechtlich vorgeschrieben ist; in Beantwortung einer rechtm\u00e4\u00dfigen Anfrage von staatlichen Beh\u00f6rden, die eine Ermittlung durchf\u00fchren; um unsere Richtlinien und Verfahren zu \u00fcberpr\u00fcfen oder durchzusetzen; um auf einen Notfall zu reagieren; um eine Handlung zu verhindern oder zu unterbinden, von der wir der Ansicht sind, dass sie m\u00f6glicherweise oder tats\u00e4chlich rechtswidrig, unethisch oder rechtlich angreifbar ist; um unsere Rechte, Eigentum oder die Sicherheit unserer Dienstleistungen, Dritter, von Besuchern, die unsere Dienstleistungen abrufen oder der \u00d6ffentlichkeit zu sch\u00fctzen, was wir aus\u00acschlie\u00dflich nach unserem eigenen Ermessen bestimmen.<br \/><br \/><br \/><b>Ihre Rechte<\/b><br \/><br \/><u>Auskunft oder Richtigstellung <\/u><br \/><br \/>Sie k\u00f6nnen Auskunft dar\u00fcber verlangen, welche Daten wir von Ihnen verarbeiten und\/oder gespeichert haben und dass diese gegebenenfalls korrigiert werden. Wir werden alle Ihre Anfragen gem\u00e4\u00df unserer gesetzlichen Pflichten beant-worten. Damit solche Anfragen verarbeitet werden k\u00f6nnen, ben\u00f6tigen wir unter Umst\u00e4nden zus\u00e4tzliche Informationen von Ihnen, wie zum Beispiel eine Ausweiskopie oder An\u00acgaben zur ausgeschriebenen Stelle. <br \/><br \/>Berechtigen Auskunfts- und\/oder Be\u00acrichtigungs\u00acbegehren werden wir innerhalb der gesetzlichen Frist von h\u00f6chstens einem Monat nachkommen.<br \/><br \/><u>Recht auf L\u00f6schung<\/u><br \/><br \/>Sie haben auch ein Recht darauf, dass Ihre Daten gel\u00f6scht werden, wenn die Daten f\u00fcr die Zwecke, f\u00fcr die sie erhoben oder auf sonstige Weise verarbeitet wurden, nicht mehr notwendig sind; Sie Ihre Zustimmung zur Datenverarbeitung widerrufen oder Widerspruch gegen die Verarbeitung eingelegt haben (soweit keine anderweitige Rechtsgrundlage f\u00fcr die Verarbeitung besteht); Ihre Daten unrechtm\u00e4\u00dfig verarbeitet wurden; die L\u00f6schung Ihrer Daten zur Erf\u00fcllung einer rechtlichen Verpflichtung erforderlich ist; oder wenn die Daten bei einem Kind (sohin einer Person unter 16 Jahren) im Zusammenhang mit Diensten der Informationsgesellschaft ermittelt wurden. <br \/><br \/>L\u00f6schungsersuchen k\u00f6nnen Sie \u00fcber unsere unten angef\u00fchrten Kontaktdaten stellen. Berechtigen L\u00f6schungsersuchen werden wir innerhalb der gesetzlichen Frist von h\u00f6chstens einem Monat nachkommen.<u><\/u>\n<\/p>\n<p class=\"bodytext\"><u>Recht auf Einschr\u00e4nkung<\/u><br \/><br \/>Sie haben das Recht die Einschr\u00e4nkung der Verarbeitung Ihrer Daten zu verlangen. Einschr\u00e4nkungsersuchen k\u00f6nnen Sie \u00fcber unsere unten stehenden Kontaktdaten stellen. Berechtigten Ersuchen entsprechen wir innerhalb der gesetzlichen Frist.<br \/><br \/><u>Widerspruch gegen die Verarbeitung<\/u><br \/><br \/>Sie haben das Recht jederzeit gegen die Verarbeitung Ihrer Daten, die aus \u00f6ffent\u00aclichem Interesse oder zur Wahrung wichtiger Interessen unsererseits erfolgt, Widerspruch zu erheben. Selbiges gilt f\u00fcr den Fall, dass personenbezogene Daten verarbeitet werden, um Direktwerbung oder Profiling zu betreiben. Ihre Daten werden dann nicht mehr f\u00fcr diese Zwecke verarbeitet werden und gel\u00f6scht. Widerspruch k\u00f6nnen Sie jederzeit \u00fcber unsere unten stehenden Kontaktdaten erheben.<br \/><br \/><u>Recht auf \u00dcbertragung<\/u><br \/><br \/>Sie habe das Recht auf \u00dcbertragbarkeit Ihrer Daten, indem wir Ihnen diese in einem strukturierten, g\u00e4ngigen, maschinenlesbaren Format \u00fcbergegeben, sodass Sie diese ohne Behinderung an einen anderen Auftraggeber weitergeben k\u00f6nnen. Falls m\u00f6glich und falls von Ihnen gew\u00fcnscht \u00fcbergeben wir Ihre Daten auch direkt dem von Ihnen namhaft gemachten Auftraggeber.<br \/><br \/><u>Widerrufsrecht<\/u><br \/><br \/>Sie haben die M\u00f6glichkeit, Ihre Einwilligung zur Datenverarbeitung jederzeit zu widerrufen, ohne dass dies negative Auswirkungen auf Sie h\u00e4tte. Ihr Widerrufsrecht k\u00f6nnen Sie \u00fcber unsere unten stehenden Kontaktdaten aus\u00fcben.<br \/><br \/><u>Beschwerdem\u00f6glichkeit<\/u><br \/><br \/>Wenn Sie meinen, Verst\u00f6\u00dfe gegen datenschutzrechtliche Bestimmungen festgestellt zu haben, regen wir an, dass Sie uns in erster Linie kontaktieren, damit wir das \u00fcberpr\u00fcfen und gegebenenfalls Abhilfe schaffen k\u00f6nnen. Sie haben aber auch das Recht, Beschwerde bei der \u00d6sterreichische Datenschutzbeh\u00f6rde zu erheben. <br \/><br \/><b>Sicherheit<\/b><br \/><br \/>Wir sind bestrebt, f\u00fcr angemessene organisatorische, technische und verwaltungs\u00actechnische Sicherheitsma\u00dfnahmen zu sorgen, um Informationen innerhalb unserer Organisation zu sch\u00fctzen. Leider kann die Sicherheit einer Daten\u00fcbertragung oder eines Speichersystems niemals zu 100% garantiert werden. Wenn Sie Grund zu der Annahme haben, dass Ihre Interaktion mit uns nicht mehr sicher ist, dann informieren Sie uns bitte umgehend \u00fcber das Problem. Je schneller Sie uns Bescheid geben, umso kleiner k\u00f6nnen wir einen allf\u00e4lligen Schaden halten. <br \/><br \/><b>Aufbewahrungs- bzw. L\u00f6schungsfrist<\/b> <br \/><br \/>Wir bewahren Daten, die wir von Ihnen erhalten haben so lange auf, wie es erforderlich ist um die in dieser Datenschutzerkl\u00e4rung dargestellten Zwecke zu erf\u00fcllen, es sei denn, eine l\u00e4ngere Aufbewahrungsfrist ist rechtlich zul\u00e4ssig oder vorgeschrieben. In der Regel halten wir uns dabei an folgendes L\u00f6schkonzept:<br \/><br \/>Ihre Daten werden auf Grund der oben genannten Rechtsgrundlagen grunds\u00e4tzlich noch 40 Monate nach Beendigung der Mitgliedschaft (somit 36 Monate m\u00f6gliche vertragliche Schaden\u00acersatzanspr\u00fcche zuz\u00fcglich h\u00f6chstens vier Monate Zustelldauer einer Klage) personenbezogen verarbeitet und danach (jedenfalls der Personenbezug) gel\u00f6scht. Danach erfolgt eine personenbezogene Datenverarbeitung von allf\u00e4lligen Rechnungsdaten noch bis zum Ende der gesetzlichen Aufbewahrungspflicht (derzeit grunds\u00e4tzlich 7 Jahre).<br \/><br \/><b>Links<\/b> <br \/><br \/>Diese Datenschutzrichtlinie bezieht sich nicht auf den Datenschutz, Informationen oder sonstige Praktiken von Dritten und wir sind f\u00fcr diese nicht verantwortlich. Dazu z\u00e4hlen auch Dritte, die Seiten oder Dienstleistungen betreiben, auf welche die Dienstleistungen verlinkt sind. Die Aufnahme eines Links in unsere Website bedeutet keine Unterst\u00fctzung der verlinkten Seite oder Leistung unsererseits oder seitens unserer verbundenen Unternehmen und sie ist auch kein Hinweis auf eine Zugeh\u00f6rigkeit zu diesem Dritten. Bitte beachten Sie, dass wir nicht f\u00fcr die Erfassungs-, Nutzungs- oder Offenlegungsrichtlinien und -praktiken (einschlie\u00dflich Datenschutz\u00acpraktiken) anderer Organisationen, wie die anderer App-Entwickler, App-Anbieter, Anbieter von Platt\u00acformen f\u00fcr soziale Medien, Betriebssystemanbieter oder WLAN-Anbieter verantwortlich sind. Ebenso sind wir nicht f\u00fcr Informationen verantwortlich, die Sie gegen\u00fcber anderen Organisationen \u00fcber oder in Verbindung mit unseren Software-Anwendungen oder Seiten in den sozialen Medien offenlegen. <br \/><br \/><b>Aktualisierungen dieser Richtlinie<\/b> <br \/><br \/>Wir k\u00f6nnen diese Datenschutzerkl\u00e4rung \u00e4ndern. Wie verweisen dazu auf die \u201eZuletzt aktualisiert am\u201c-Legende am Seitenende. Alle \u00c4nderungen dieser Datenschutz\u00acerkl\u00e4rung werden, sobald wir die \u00fcberarbeitete Datenschutzerkl\u00e4rung \u00fcber die Dienstleistungen ver\u00f6ffentlichen, wirksam. Indem Sie uns Informationen nach diesen \u00c4nderungen zur Verf\u00fcgung stellen, nehmen Sie die \u00fcberarbeitete Datenschutzerkl\u00e4rung an. <br \/><br \/>&nbsp;<br \/><b>M\u00f6glichkeiten zur Kontaktaufnahme<\/b><br \/><br \/>Wir freuen uns auf Ihre Fragen, Kommentare oder Anfragen in Bezug auf diese Datenschutzerkl\u00e4rung. Sie k\u00f6nnen sich mit uns mithilfe der folgenden Kontaktdaten in Verbindung setzen.<br \/><br \/>Verein Interessensgemeinschaft der Mediaagenturen<br \/>Riemergasse 11\/3\/11<br \/>A-1010 Wien<br \/>tel&nbsp;&nbsp;&nbsp;&nbsp;&nbsp; +43 (0) 1 513 25 70<br \/>fax&nbsp;&nbsp;&nbsp;&nbsp; +43 (0) 1 513 25 702<br \/>mail&nbsp;&nbsp; <a href=\"javascript:linkTo_UnCryptMailto('nbjmup+pggjdfAjhnb\\\/bu');\" title=\"\u00d6ffnet ein Fenster zum Versenden der E-Mail\" class=\"mail\">office(at)igma.at<\/a><br \/><br \/><br \/>zuletzt aktualisiert am 14. Mai 2018<br \/><br \/><br \/><br \/><\/p><\/div>\n            \n                \n            \n\n  \n        <\/div>\n","protected":false},"excerpt":{"rendered":"<p>Diese Datenschutzerkl\u00e4rung informiert Sie dar\u00fcber, was mit personenbezogenen Daten (\u201eDaten\u201d) passiert, die wir von Ihnen erheben oder die Sie uns online beim Besuch unserer Websites (\u201eSite\u201c) angeben. Wer sind wir? &#8230;<\/p>\n","protected":false},"author":1,"featured_media":0,"parent":0,"menu_order":0,"comment_status":"closed","ping_status":"open","template":"","meta":{"footnotes":""},"class_list":["post-3","page","type-page","status-publish","hentry"],"_links":{"self":[{"href":"https:\/\/igma.at\/index.php?rest_route=\/wp\/v2\/pages\/3","targetHints":{"allow":["GET"]}}],"collection":[{"href":"https:\/\/igma.at\/index.php?rest_route=\/wp\/v2\/pages"}],"about":[{"href":"https:\/\/igma.at\/index.php?rest_route=\/wp\/v2\/types\/page"}],"author":[{"embeddable":true,"href":"https:\/\/igma.at\/index.php?rest_route=\/wp\/v2\/users\/1"}],"replies":[{"embeddable":true,"href":"https:\/\/igma.at\/index.php?rest_route=%2Fwp%2Fv2%2Fcomments&post=3"}],"version-history":[{"count":3,"href":"https:\/\/igma.at\/index.php?rest_route=\/wp\/v2\/pages\/3\/revisions"}],"predecessor-version":[{"id":54,"href":"https:\/\/igma.at\/index.php?rest_route=\/wp\/v2\/pages\/3\/revisions\/54"}],"wp:attachment":[{"href":"https:\/\/igma.at\/index.php?rest_route=%2Fwp%2Fv2%2Fmedia&parent=3"}],"curies":[{"name":"wp","href":"https:\/\/api.w.org\/{rel}","templated":true}]}}